{"id":30,"date":"2014-05-05T19:43:55","date_gmt":"2014-05-05T18:43:55","guid":{"rendered":"http:\/\/bernardvanbaalen.wordpress.com\/?page_id=30"},"modified":"2014-05-05T19:43:55","modified_gmt":"2014-05-05T18:43:55","slug":"le-camp-biblique-de-vaumarcus-preparation-des-documents","status":"publish","type":"page","link":"https:\/\/bernardvanbaalen.com\/?page_id=30","title":{"rendered":"Le Camp Biblique de Vaumarcus"},"content":{"rendered":"<p>Chaque ann\u00e9e, au d\u00e9but de Juillet, des familles, des personnes seules, de tous \u00e2ges, se retrouvent pour une semaine de r\u00e9flexion autour d&rsquo;un th\u00e8me biblique, une ann\u00e9e sur le premier testament une ann\u00e9e sur le second testament.<\/p>\n<p>Diff\u00e9rentes activit\u00e9s y sont offertes, Bernard van Baalen fait partie de l&rsquo;\u00e9quipe de pr\u00e9paration de l&rsquo;animation th\u00e9ologique et participe \u00e0 cette semaine depuis 1974 &#8230; autrement dit, il fait partie des \u00ab\u00a0dinosaures\u00a0\u00bb. Il a anim\u00e9 tour \u00e0 tous des ateliers de Vid\u00e9o-Journalisme, de cr\u00e9ation de marionnettes \u00e0 fils et actuellement il d\u00e9place son atelier de gravure avec sa coll\u00e8gue Alice Baehler pour accompagner la r\u00e9flexion d&rsquo;un environnement artistique et cr\u00e9atif.\u00a0 Une occasion exceptionnelle de faire de la gravure en r\u00e9sidence pendant une semaine dans un cadre exceptionnel et \u00e0 des conditions qui d\u00e9fient toutes concurrences.<\/p>\n<p>Les documents pr\u00e9paratoires et dossiers sont \u00e0 disposition sur le site <a href=\"www.cbov.ch\">www.cbov.ch <\/a><\/p>\n<p>&nbsp;<\/p>\n","protected":false},"excerpt":{"rendered":"<p>Chaque ann\u00e9e, au d\u00e9but de Juillet, des familles, des personnes seules, de tous \u00e2ges, se retrouvent pour une semaine de r\u00e9flexion autour d&rsquo;un th\u00e8me biblique, une ann\u00e9e sur le premier testament une ann\u00e9e sur le second testament. Diff\u00e9rentes activit\u00e9s y sont offertes, Bernard van Baalen fait partie de l&rsquo;\u00e9quipe de pr\u00e9paration de l&rsquo;animation th\u00e9ologique et [&hellip;]<\/p>\n","protected":false},"author":1,"featured_media":73,"parent":0,"menu_order":0,"comment_status":"open","ping_status":"closed","template":"","meta":{"footnotes":""},"class_list":["post-30","page","type-page","status-publish","has-post-thumbnail","hentry"],"_links":{"self":[{"href":"https:\/\/bernardvanbaalen.com\/index.php?rest_route=\/wp\/v2\/pages\/30","targetHints":{"allow":["GET"]}}],"collection":[{"href":"https:\/\/bernardvanbaalen.com\/index.php?rest_route=\/wp\/v2\/pages"}],"about":[{"href":"https:\/\/bernardvanbaalen.com\/index.php?rest_route=\/wp\/v2\/types\/page"}],"author":[{"embeddable":true,"href":"https:\/\/bernardvanbaalen.com\/index.php?rest_route=\/wp\/v2\/users\/1"}],"replies":[{"embeddable":true,"href":"https:\/\/bernardvanbaalen.com\/index.php?rest_route=%2Fwp%2Fv2%2Fcomments&post=30"}],"version-history":[{"count":0,"href":"https:\/\/bernardvanbaalen.com\/index.php?rest_route=\/wp\/v2\/pages\/30\/revisions"}],"wp:featuredmedia":[{"embeddable":true,"href":"https:\/\/bernardvanbaalen.com\/index.php?rest_route=\/wp\/v2\/media\/73"}],"wp:attachment":[{"href":"https:\/\/bernardvanbaalen.com\/index.php?rest_route=%2Fwp%2Fv2%2Fmedia&parent=30"}],"curies":[{"name":"wp","href":"https:\/\/api.w.org\/{rel}","templated":true}]}}